3?
26
Suppose -971843 = 1710*z - 1807*z. What is the remainder when z is divided by 20?
19
Let r(q) = 31*q + 68. Let c be r(-23). Let g = c - -672. What is the remainder when 75 is divided by g?
21
Let x(t) be the first derivative of t**4/4 - 5*t**3/3 + t**2 - 4*t + 2. What is the remainder when x(6) is divided by ((-4)/8)/((-2)/48)?
8
Let z = 15549 + -15167. Calculate the remainder when z is divided by 344.
38
Calculate the remainder when 717 is divided by 716/10*(-8)/(-48)*15.
1
Suppose -3*d - 1227 + 330 = -2*y, -5*y + 2232 = -4*d. What is the remainder when y is divided by 443?
1
Let j = 107 + -9. Suppose 527*n - 12669 = 7895 - 6335. Calculate the remainder when j is divided by n.
17
What is the remainder when 165 is divided by (6 + -2 + -2)*(-24 + (-1089)/(-22))?
12
Let o(s) = s**3 - 19*s**2 - 8*s + 19. Let v be o(19). Let j = v + 149. Calculate the remainder when 55 is divided by j.
7
Calculate the remainder when 105 is divided by 43/258 + (-1)/((-18)/447).
5
Suppose 120 = -14*v - 26*v. Suppose -5*r = -2*b + 3, -4*r + 66 = 4*b + 18. What is the remainder when 1 + b/v + 49 is divided by 16?
15
Calculate the remainder when (-9 - -1)*7425/(-216) is divided by 101.
73
Let p(h) = -6*h**3 - 2*h - 2. Let j be p(-2). Suppose -11*l = -9*l - j. What is the remainder when 94 is divided by l?
19
Let m(b) = 15*b**2 - 46*b + 87. What is the remainder when 314 is divided by m(2)?
39
Let p be 4/(88/363)*1*2. Let q(f) = -f + 48. What is the remainder when 27 is divided by q(p)?
12
Let n be (-140)/(-14) - (-4 + 1). Suppose -n*z - 109 = -304. Calculate the remainder when 19 is divided by z.
4
Let y = 4966 + -4450. Calculate the remainder when y is divided by 82.
24
Let p(k) = -k**2. Let d(l) = 2*l**3 - 5*l**2 + 5*l - 1. Let x be d(2). Let r be p(x). Let q = r + 35. What is the remainder when 117 is divided by q?
7
Suppose -4*p + 3*b = 465, -2*p + 0*p + 3*b = 225. Let c = 177 + p. Suppose -c*x = -52*x - 95. What is the remainder when 33 is divided by x?
14
Let b(q) = -67*q + 509. What is the remainder when b(-7) is divided by 7?
5
Let w(o) = o**2 + o - 1. Let b = 3190 + -3161. Calculate the remainder when w(7) is divided by b.
26
Let z(q) = q**3 + 3*q**2 - 5*q + 3. Let a be -3 - (-1 + 3 + -253). Suppose -a = -4*u + 20. What is the remainder when u is divided by z(-4)?
4
Let a = 58 + 110. Let s = a + -119. Suppose 3*q - 10 = -b + 6, -q + 1 = 0. What is the remainder when s is divided by b?
10
Let g(i) be the third derivative of -i**4/8 + 7*i**3 + 129*i**2. Calculate the remainder when g(-10) is divided by 13.
7
Let s = -2075 - -3817. Calculate the remainder when s is divided by 79.
4
Suppose 3*v = 237 - 9. Let y = 91 - v. What is the remainder when 0/1 + 40/1 is divided by y?
10
Calculate the remainder when 1033 is divided by ((-68)/9)/(133/9 - 12 - 3).
13
Let j = -3 - -21. What is the remainder when j is divided by ((-3 - -4) + 8)/(5/(20/4))?
0
Let v = 11556 - 4497. What is the remainder when v is divided by 3524?
11
Let v = 28012 + -28004. What is the remainder when 1341 is divided by v?
5
Let i(m) = -m - 1. Let l(r) = -10*r - 120. Let q(v) = -4*i(v) + l(v). Calculate the remainder when 7 is divided by q(-20).
3
Suppose -2 = 2*d, 3*b + 4*d + 14 = 16. Suppose 0 = -5*n + b*i + 84, 36*n - 31*n + i - 78 = 0. Calculate the remainder when 76 is divided by n.
12
Let b(h) be the third derivative of -h**6/12 - h**5/10 - h**4/24 + h**2. Let d be 66/(-44) - (-2)/(-4). Calculate the remainder when b(d) is divided by 12.
10
Let n = -86 + 68. Let i(p) = -2*p - 29. Calculate the remainder when 31 is divided by i(n).
3
Suppose -4*f + j + 824 + 646 = 0, 0 = 4*f + 5*j - 1434. Calculate the remainder when f is divided by 102.
60
Suppose -18*k = 18099 - 423. Calculate the remainder when k/(-8) + 5 + 95/(-20) is divided by 35.
18
Suppose -30 = -2*n - 0*n. Let d = 9722 - 9665. Calculate the remainder when d is divided by n.
12
Let k be (-424)/(-265) - (16/10 - 2). Suppose -3*n - 2*c + 289 = 0, 9*n - 487 = 4*n + k*c. What is the remainder when n is divided by 29?
10
Suppose 99640 = -59*z + 155*z + 280*z. What is the remainder when 935 is divided by z?
140
Suppose 0 = 3*d + 91 - 259. Suppose 48515*i - 240 = 48507*i. Calculate the remainder when d is divided by i.
26
Suppose -390*h = -383*h - 560. Calculate the remainder when 321 is divided by h.
1
Calculate the remainder when 643 is divided by 8*4 + 15/((-90)/(-12)) + -8.
19
Calculate the remainder when 1003 is divided by (-4)/1*65/(-10) - 7.
15
Suppose y + 2*n - 270 = 92, 1088 = 3*y + 5*n. What is the remainder when y is divided by 43?
22
Let m = 374 - 228. What is the remainder when 10069 is divided by m?
141
Suppose 0 = -3*w - 9198*v + 9193*v + 121, -5*w + 151 = 2*v. Suppose 0 = 3*k - 169 - 65. What is the remainder when k is divided by w?
24
Suppose -x = 4*f - 363, -13*x = -11*x + 2*f - 696. Let k = 501 - x. Calculate the remainder when k is divided by 38.
6
Let h = -2 - -8. Suppose 2*n = h*n - 8. What is the remainder when 35 is divided by (10/5)/(n/9)?
8
Let i(o) = o**2 - 23*o - 75. Let z be i(-4). Let m(x) = x + 6. Let c be m(-6). Suppose -4*a + 117 - z = c. Calculate the remainder when 39 is divided by a.
18
Suppose 39*m = -25*m + 123746 - 20066. What is the remainder when m is divided by 45?
0
Suppose 8*m - 5 + 117 = 0. Calculate the remainder when 91 is divided by 4/m - 1062/(-42).
16
Suppose 71*f - 273533 - 8479 = 0. Calculate the remainder when f is divided by 15.
12
Let r = 40633 - 39294. What is the remainder when r is divided by 81?
43
Suppose -34*j + 29*j = -10. Suppose -5*q + 15 = 0, -q = j*z + q - 100. Suppose 2*n - 274 = -0*n. Calculate the remainder when n is divided by z.
43
Let d(m) = -4*m**3 + 11*m**2 + 58*m + 11. What is the remainder when d(-4) is divided by 21?
1
Let p(r) = 11*r + 42. Suppose 0 = -5*d - 2*o + 44, d + 2*o - 1 - 3 = 0. What is the remainder when p(d) is divided by 52?
48
What is the remainder when 2 + 842 + (2 + -15 + 27)/2 is divided by 7?
4
Suppose 4*f - 83 = 161. Suppose -o - 3*y = 3*o - 289, 143 = 2*o + 3*y. Suppose 2 = x - 4*b, -2*x = 3*x + b - o. What is the remainder when f is divided by x?
5
Let z be (1/3)/((-7)/(-252)*2). Suppose z*j - 2*j = -a + 6, 0 = -3*a - j + 40. Calculate the remainder when (264/(-18))/(8/(-12)) is divided by a.
8
Let q(i) = 3*i**2 - 74*i + 326. Calculate the remainder when 36 is divided by q(19).
0
Let v(z) = -z**3 + z**2 + 7*z + 9. Let t be (4/(-10) - 0)*5/1. Calculate the remainder when 11 is divided by v(t).
4
Suppose 102*b + 16758 = 144*b. Calculate the remainder when b is divided by 24.
15
Let b be 2*143*(0 - 1)*-1. Suppose -5*t + 1565 = -4*c, -3*t + 4*c + b + 645 = 0. Calculate the remainder when t is divided by 80.
77
Suppose 8*u - 5*u + 12 = 0. Let a = 2 - u. Let r(b) = b**3 - 6*b**2 + 4*b - 14. What is the remainder when 18 is divided by r(a)?
8
Let i(c) = c**3 - c**2 + c - 47. Let s be i(0). Let o = s - -57. Calculate the remainder when 49 + ((-25)/o - (-2)/(-4)) is divided by 8.
6
Let k(u) = -11*u**2 - 14*u + 19. Let t be k(4). Let n = t + 264. Calculate the remainder when n is divided by 27.
24
Suppose -2*x - 2*c + 30 = -c, -10 = -x + 2*c. Let i = 9 - -31. Calculate the remainder when i is divided by (-45)/(-6)*x/5.
19
Let z(t) = -t**3 + 13*t**2 + 277*t - 3372. What is the remainder when 760 is divided by z(12)?
88
Let w be 3 + (-6 - (2 + -6)). Let d(x) = 426*x - 2. Let j be d(w). Let k = -167 + j. Calculate the remainder when k is divided by 26.
23
Suppose -5*n = -n - x - 41, -n + 5*x + 34 = 0. Suppose 3*k = 6*k - n. What is the remainder when (k + -18)*(-10)/3 is divided by 27?
23
Let a = 8 + -10. Let l(b) = -5*b. Suppose -2371*j = -2373*j + 8. What is the remainder when l(a) is divided by j?
2
Suppose 3*c + 10*z - 16620 = 7*z, -c = -2*z - 5525. Calculate the remainder when c is divided by 191.
187
Let d = 658 - 509. Let n = d - 143. Suppose 0 = 3*g - 5*y - 94, g + 2*y - 13 - 11 = 0. What is the remainder when g is divided by n?
4
Suppose -7*b = -10*b. Suppose -f + 4*f - 153 = b. Calculate the remainder when f is divided by (-1)/((-265)/(-90) + -3).
15
Let p = 2423 + -1504. Calculate the remainder when p is divided by 92.
91
Let b(h) = h**3 - 2*h**2 - 129*h + 44. What is the remainder when b(-10) is divided by 41?
11
Let g = -5249 + 5498. 